n - g. List the prime factors of n.
2
Suppose 22 = 5*z + 2*t, -2*t = -3*z + 3*t + 7. What are the prime factors of z?
2
Let w be ((-80)/(-50))/(4/(-10)). What are the prime factors of 6 + w - (-144)/3?
2, 5
Let r(b) = -b + 2. Suppose -7*p + 2*p = -5. Let q be (-1*5 + 0)*p. List the prime factors of r(q).
7
Let t(s) = -s**3 + 7*s**2 - 6*s - 5. Let x be t(6). Suppose -30 = 4*u + 10. List the prime factors of (-67)/x + u/25.
13
Let q(m) = m**2 + 7*m - 8. Let o(c) = -c**2 - 6*c + 7. Let x(b) = -6*o(b) - 5*q(b). Suppose 6*s + 15 = s. What are the prime factors of x(s)?
2
Suppose 7*o = 2*o. Suppose o = 5*s - 11 - 14. List the prime factors of s.
5
Let l(n) = 3*n**2 - 2*n + 1. List the prime factors of l(-5).
2, 43
Let n be ((-28)/4 + -3)*-2. Let p = 29 - n. What are the prime factors of p?
3
Let z = 27 - 9. Suppose 6 = -3*m + z. Suppose -8*a + 44 = -m*a. What are the prime factors of a?
11
Let n(w) = -w**2 + w + 4. Let h be n(0). Suppose 0 = h*q - 3*q - 8. What are the prime factors of q?
2
Suppose -l - 3*k - 30 = -2*l, 3*l - 38 = -4*k. Let p = l - 32. Let d = p - -22. List the prime factors of d.
2
Let s be (6/12)/((-2)/(-8)). Suppose 2*c = -z + 28, s*z + 21 = c - z. List the prime factors of c.
3, 5
Suppose 0 = 3*f + 24 - 153. What are the prime factors of f?
43
What are the prime factors of (-3)/(180/(-4868)) + (-4)/30?
3
What are the prime factors of 38 - (2 - 9/3)?
3, 13
Suppose -f + 4 = -2*j, -4*j = -0*j + 4. Suppose f*m + m = 6. Let d(y) = 2*y**3 - y**2 + y + 2. List the prime factors of d(m).
2
Let t = 1 - -5. Let d be (-15)/10*(-8)/t. Suppose d*r - 120 = -5*f - 3*r, 3*f = r + 56. List the prime factors of f.
2, 5
Suppose -4*l + 14 = -2*u, 2*u = -5*l + 4*u + 19. Let h(z) = 2*z**2 - 6*z - 1. What are the prime factors of h(l)?
19
Let g(t) = t**2 - 10*t - 4. Let z be g(9). Let d = z - -24. List the prime factors of d.
11
Let k = -22 - -167. What are the prime factors of k?
5, 29
Suppose 0*b + 2*b - 54 = -5*o, 5*o = -5*b + 120. List the prime factors of b.
2, 11
Suppose 4*t - 48 = -328. What are the prime factors of t/(-2)*6/15?
2, 7
Suppose 16*o - 978 = 10*o. What are the prime factors of o?
163
Suppose 2*y - 15 = -y. Suppose y*a = a + 52. List the prime factors of a.
13
Suppose -5*y + 70 = -0*y. Suppose 0 = 2*z - 4*z + y. What are the prime factors of z?
7
List the prime factors of (-16)/(-7) - (-12)/(-42).
2
What are the prime factors of 2/8 + (-31590)/(-104)?
2, 19
Suppose -5*k = 3*a - 376, 668 = 5*a - 2*k - 0*k. Suppose -u - 3*u = -a. List the prime factors of u.
3, 11
Let z(g) = -4 - 2*g**3 + 3*g**3 + 0*g**3 - 7*g**2 + 7*g + 1. Let t be z(6). Suppose -2*k - 38 = -2*c, t*c - 4*k = k + 65. What are the prime factors of c?
3, 5
Let s = 87 + -47. What are the prime factors of s?
2, 5
Suppose -5*l - 5 = -30. Suppose -13 = -l*s + 27. What are the prime factors of s?
2
Let j = 11 - 179. List the prime factors of ((-1)/(-3))/((-4)/j).
2, 7
Suppose 0 = x - 11 - 108. What are the prime factors of x?
7, 17
Suppose 5*o = 18 - 3. Let h(t) = o*t - 7 + 7. List the prime factors of h(4).
2, 3
Suppose -7*r - 4*r = -220. List the prime factors of r.
2, 5
Suppose 4*i - y = 7, -7*i = -2*i - 3*y. What are the prime factors of -1 - (i - -17)*-1?
19
Let z(j) = j**2 + 5*j - 2. Let r be z(-6). Suppose 2*u - 1 = 3*s + r*u, -4*s + 2 = 2*u. List the prime factors of s.
3
List the prime factors of ((-94)/(-3))/(16/96).
2, 47
Let j = 32 - 28. What are the prime factors of j?
2
Let n(l) = -42*l + 2 - 1 - 18*l - 2. Let y be n(-1). Suppose -3*m - 17 + y = 0. List the prime factors of m.
2, 7
Suppose 2*v - 5 = -1. Suppose 11 = g + 2*y + y, -4*g - v*y - 6 = 0. Let l = 17 + g. List the prime factors of l.
13
Let l = -8 + 13. Let g(x) = -x**3 + 7*x**2 + x + 5. Let z be g(l). Suppose 2*k - z = -2*k. List the prime factors of k.
3, 5
Suppose 11*j = 2063 + 1886. List the prime factors of j.
359
Let x(m) = -m**3 - 7*m**2 + 11*m + 12. Let z be x(-8). Let j = 3 - 8. Let a = j - z. List the prime factors of a.
7
Suppose d + 3*n + 12 = 4*d, 2*d = -3*n + 3. Let f be (-2)/(-6)*(0 + d). List the prime factors of (-3)/(-3)*(f - -11).
2, 3
Let g(t) = t**2 + t - 17. What are the prime factors of g(-9)?
5, 11
Suppose 0 = -5*x - 2*r + 5*r + 165, -15 = -x - 3*r. Let n = x + -9. Suppose 1 = 2*u - n. What are the prime factors of u?
11
Suppose -15*g + 14*g + 50 = 0. List the prime factors of g.
2, 5
Let y(q) = -9*q**3 - 3*q**2 - 3*q - 1. List the prime factors of y(-2).
5, 13
Suppose d = 6*d - 55. List the prime factors of (-4)/(-3)*(d - -1).
2
Let f(a) = 17*a**2 - 3*a. List the prime factors of f(1).
2, 7
Suppose 303 = 5*v - 3*l, -83 = -v + l - 6*l. List the prime factors of v.
3, 7
Let a = -8 + 11. Suppose a*z - 42 = -4*j, 84 = 5*z + 3*j - j. What are the prime factors of z?
2, 3
Suppose 0*d + 2*d = 20. List the prime factors of d.
2, 5
Let l = 1 + 0. What are the prime factors of 1 + l - (-1 + -1)?
2
Let c = 47 + 49. What are the prime factors of c?
2, 3
Let w = 29 - -18. What are the prime factors of w?
47
Let b = -14 + 16. Suppose -b*a + t = -12, -5*t = -2*t - 12. What are the prime factors of a?
2
What are the prime factors of (24/3)/((-4)/(-14))?
2, 7
Let b be 178/8 - (-2)/(-8). Suppose 0 = 2*j - b - 14. What are the prime factors of j?
2, 3
List the prime factors of (((-892)/16 + 3)*4)/(-1).
211
Suppose u - 16 = 7. What are the prime factors of u?
23
Let n be 2/(-7) - 60/(-14). Let v(p) = 2*p**2 - 3*p + 6. Let a be v(n). Let r = a + -10. What are the prime factors of r?
2
Let r = -2 - -11. Let l = r - 5. List the prime factors of l.
2
Suppose -5*o = -t + 5*t - 172, 0 = -o - 5*t + 26. Let b = -13 + o. What are the prime factors of b?
23
Let j be ((-4)/(-2))/(-2 - -1). Let u = -3 - j. What are the prime factors of u/(13/(-6) + 2)?
2, 3
Suppose 7*k + 165 = 2643. List the prime factors of k.
2, 3, 59
Let a(k) be the third derivative of 0*k**5 - 1/24*k**4 + 2*k**2 - 1/120*k**6 + 0*k + 0 + 11/6*k**3. List the prime factors of a(0).
11
Let p(l) = -2*l - 6. Let r be p(-4). Suppose -3*t + 8 = -t, r*t = -3*a - 34. Let d = a - -31. List the prime factors of d.
17
Let g(a) = a**2 + 7*a + 43. What are the prime factors of g(-16)?
11, 17
Let z be 2*((-104)/(-4) + 0). Let w = z - 26. List the prime factors of w.
2, 13
Suppose -2*m = m - 195. Suppose -7 = -4*w + m. List the prime factors of w.
2, 3
Let x(q) = -4*q. Let k be x(-1). Suppose 9*w - k*w = 10. Suppose -2*z = w*z - 24. What are the prime factors of z?
2, 3
Let s(j) = -j**2 - 6*j + 4. Let q be s(-7). List the prime factors of (q - 0)/((-1)/6).
2, 3
Let p be 2 + 2/((-2)/(-5)). Suppose 2*w = p*s - 2*s - 113, -s = 5*w - 28. List the prime factors of s.
23
Let z = 213 + -112. Suppose -12 = 3*c, -2*d - d - 5*c = z. What are the prime factors of -1*5/(15/d)?
3
Let a(h) = -h + 8. Suppose 2*x + 3*x = 25. List the prime factors of a(x).
3
Let w = -5 + -2. List the prime factors of -1 - (1*-2 + w).
2
Suppose t + 2*k = -3, 5 = -k + 1. Let y = t - 5. Suppose y = -4*j, 5*j - 4*j + 28 = 4*r. List the prime factors of r.
7
Suppose 0 = -r - 4*l + 59, l + 17 = 4*r - 236. What are the prime factors of r?
3, 7
Suppose 2*o - 23 = 17. Let s be 3/6 + 5/2. Suppose i + 4*f - o = 0, -f + s*f = -3*i + 40. What are the prime factors of i?
2, 3
Let p = 23 - 44. Let d = 35 + p. List the prime factors of d.
2, 7
Let d be -1 + 3 - (14 - 0). Let k be (-16)/d + (-2)/(-3). Suppose -2*t - t = 15, 2 = 2*g + k*t. What are the prime factors of g?
2, 3
Let t = -28 + 47. List the prime factors of t.
19
Suppose -2*u - 6 - 2 = 0. Let b = 5 - u. Suppose b + 3 = 3*w. List the prime factors of w.
2
Suppose 3*h + j = 49, -5*j - 55 = -3*h - 3*j. What are the prime factors of h?
17
Let s(k) = -k**3 + 15*k**2 + k - 6. Let b be s(15). Let j(x) = x**2 - 5*x + 2. Let h be j(4). Let p = b - h. List the prime factors of p.
11
Let i = 157 + -57. What are the prime factors of i?
2, 5
Suppose -8*f + 4*f = -732. What are the prime factors of f?
3, 61
Let i = 27 + -14. Let x = 6 + i. What are the prime factors of x?
19
Let n be 2 + 1 + 2/2. Let o(r) = r + 10. Let q be o(-5). Suppose 0 = -q*p + 11 + n. What are the prime factors of p?
3
Suppose 0 = -3*k + 4*k - 35. Suppose 2*t + 3*t - k = 0. What are the prime factors of t?
7
Let s(k) = k**3 - 7*k**2 + 7*k + 4. Let f be s(7). Suppose 2*m - m - z 